{"id":1831,"date":"2025-06-24T13:46:17","date_gmt":"2025-06-24T13:46:17","guid":{"rendered":"https:\/\/www.granadalatina.es\/?page_id=1831"},"modified":"2025-06-24T13:47:44","modified_gmt":"2025-06-24T13:47:44","slug":"cambio-de-nombre","status":"publish","type":"page","link":"https:\/\/www.granadalatina.es\/en\/cambio-de-nombre\/","title":{"rendered":"CAMBIO DE NOMBRE"},"content":{"rendered":"<div>\n<div class=\"uk-panel uk-margin\">\n<h2>CAMBIO DE NOMBRE<\/h2>\n<\/div>\n<div class=\"uk-panel uk-margin\">\n<p>Las entradas deber\u00e1n ir asociadas al nombre y apellidos de la persona que las adquiri\u00f3. Si tu entrada no va asociada a este, deber\u00e1s realizar el cambio de nombre.<\/p>\n<\/div>\n<\/div>\n<div>\n<div id=\"evezing-shop-cambio-de-nombre-granada-latina-2025\" style=\"padding-bottom: 15px;\">\n<p class=\"evezing-shop-checking\" style=\"padding: 15px; font-size: 16px; text-align: center; color: rgb(102, 102, 102);\">Comprobando disponibilidad de entradas&#8230;<\/p>\n<\/div>\n<p><script src=\"https:\/\/granadalatina.evezing.com\/iframe-shop\/event\/cambio-de-nombre-granada-latina-2025\" id=\"evezing-script-cambio-de-nombre-granada-latina-2025\" type=\"text\/javascript\"><\/script>\n<\/div>\n<p><!--more--><br \/>\n<!-- {\"type\":\"layout\",\"children\":[{\"type\":\"section\",\"props\":{\"image_position\":\"center-center\",\"style\":\"default\",\"title_breakpoint\":\"xl\",\"title_position\":\"top-left\",\"title_rotation\":\"left\",\"vertical_align\":\"middle\",\"width\":\"default\"},\"children\":[{\"type\":\"row\",\"children\":[{\"type\":\"column\",\"props\":{\"image_position\":\"center-center\",\"position_sticky_breakpoint\":\"m\"},\"children\":[{\"type\":\"text\",\"props\":{\"column_breakpoint\":\"m\",\"content\":\"\n\n<div class=\\\"uk-panel uk-margin\\\">\\n\n\n<h2>CAMBIO DE NOMBRE<\\\/h2>\\n<\\\/div>\\n\n\n<div class=\\\"uk-panel uk-margin\\\">\\n\n\n<p>Las entradas deber\\u00e1n ir asociadas al nombre y apellidos de la persona que las adquiri\\u00f3. Si tu entrada no va asociada a este, deber\\u00e1s realizar el cambio de nombre.<\\\/p>\\n<\\\/div>\",\"margin\":\"default\"}},{\"type\":\"html\",\"props\":{\"content\":\"\n\n<div id=\\\"evezing-shop-cambio-de-nombre-granada-latina-2025\\\" style=\\\"padding-bottom: 15px;\\\">\n\n<p class=\\\"evezing-shop-checking\\\" style=\\\"padding: 15px; font-size: 16px; text-align: center; color: rgb(102, 102, 102);\\\">Comprobando disponibilidad de entradas...<\\\/p><\\\/div><script src=\\\"https:\\\/\\\/granadalatina.evezing.com\\\/iframe-shop\\\/event\\\/cambio-de-nombre-granada-latina-2025\\\" id=\\\"evezing-script-cambio-de-nombre-granada-latina-2025\\\" type=\\\"text\\\/javascript\\\"><\\\/script>\"}}]}]}]}],\"version\":\"4.4.10\"} --><\/p>\n","protected":false},"excerpt":{"rendered":"<p>CAMBIO DE NOMBRE Las entradas deber\u00e1n ir asociadas al nombre y apellidos de la persona que las adquiri\u00f3. Si tu entrada no va asociada a este, deber\u00e1s realizar el cambio de nombre. Comprobando disponibilidad de entradas&#8230;<\/p>","protected":false},"author":1,"featured_media":0,"parent":0,"menu_order":0,"comment_status":"closed","ping_status":"closed","template":"","meta":{"footnotes":""},"class_list":["post-1831","page","type-page","status-publish","hentry"],"_links":{"self":[{"href":"https:\/\/www.granadalatina.es\/en\/wp-json\/wp\/v2\/pages\/1831","targetHints":{"allow":["GET"]}}],"collection":[{"href":"https:\/\/www.granadalatina.es\/en\/wp-json\/wp\/v2\/pages"}],"about":[{"href":"https:\/\/www.granadalatina.es\/en\/wp-json\/wp\/v2\/types\/page"}],"author":[{"embeddable":true,"href":"https:\/\/www.granadalatina.es\/en\/wp-json\/wp\/v2\/users\/1"}],"replies":[{"embeddable":true,"href":"https:\/\/www.granadalatina.es\/en\/wp-json\/wp\/v2\/comments?post=1831"}],"version-history":[{"count":3,"href":"https:\/\/www.granadalatina.es\/en\/wp-json\/wp\/v2\/pages\/1831\/revisions"}],"predecessor-version":[{"id":1835,"href":"https:\/\/www.granadalatina.es\/en\/wp-json\/wp\/v2\/pages\/1831\/revisions\/1835"}],"wp:attachment":[{"href":"https:\/\/www.granadalatina.es\/en\/wp-json\/wp\/v2\/media?parent=1831"}],"curies":[{"name":"wp","href":"https:\/\/api.w.org\/{rel}","templated":true}]}}

<div>
<div class="uk-panel uk-margin">
<h2>CAMBIO DE NOMBRE</h2>
</div>
<div class="uk-panel uk-margin">
<p>Las entradas deberán ir asociadas al nombre y apellidos de la persona que las adquirió. Si tu entrada no va asociada a este, deberás realizar el cambio de nombre.</p>
</div>
</div>
<div>
<div id="evezing-shop-cambio-de-nombre-granada-latina-2025" style="padding-bottom: 15px;">
<p class="evezing-shop-checking" style="padding: 15px; font-size: 16px; text-align: center; color: rgb(102, 102, 102);">Comprobando disponibilidad de entradas&#8230;</p>
</div>
<p><script src="https://granadalatina.evezing.com/iframe-shop/event/cambio-de-nombre-granada-latina-2025" id="evezing-script-cambio-de-nombre-granada-latina-2025" type="text/javascript"></script>
</div>
<p><!--more--><br />
<!-- {"type":"layout","children":[{"type":"section","props":{"image_position":"center-center","style":"default","title_breakpoint":"xl","title_position":"top-left","title_rotation":"left","vertical_align":"middle","width":"default"},"children":[{"type":"row","children":[{"type":"column","props":{"image_position":"center-center","position_sticky_breakpoint":"m"},"children":[{"type":"text","props":{"column_breakpoint":"m","content":"

<div class=\"uk-panel uk-margin\">\n

<h2>CAMBIO DE NOMBRE<\/h2>\n<\/div>\n

<div class=\"uk-panel uk-margin\">\n

<p>Las entradas deber\u00e1n ir asociadas al nombre y apellidos de la persona que las adquiri\u00f3. Si tu entrada no va asociada a este, deber\u00e1s realizar el cambio de nombre.<\/p>\n<\/div>","margin":"default"}},{"type":"html","props":{"content":"

<div id=\"evezing-shop-cambio-de-nombre-granada-latina-2025\" style=\"padding-bottom: 15px;\">

<p class=\"evezing-shop-checking\" style=\"padding: 15px; font-size: 16px; text-align: center; color: rgb(102, 102, 102);\">Comprobando disponibilidad de entradas...<\/p><\/div><script src=\"https:\/\/granadalatina.evezing.com\/iframe-shop\/event\/cambio-de-nombre-granada-latina-2025\" id=\"evezing-script-cambio-de-nombre-granada-latina-2025\" type=\"text\/javascript\"><\/script>"}}]}]}]}],"version":"4.4.10"} --></p>

<p>CAMBIO DE NOMBRE Las entradas deberán ir asociadas al nombre y apellidos de la persona que las adquirió. Si tu entrada no va asociada a este, deberás realizar el cambio de nombre. Comprobando disponibilidad de entradas&#8230;</p>
